{"id":6227,"date":"2025-05-14T01:53:12","date_gmt":"2025-05-14T01:53:12","guid":{"rendered":"https:\/\/tprinvestment.online\/?page_id=6227"},"modified":"2025-05-14T01:56:53","modified_gmt":"2025-05-14T01:56:53","slug":"aviso-legal","status":"publish","type":"page","link":"https:\/\/tprinvestment.online\/?page_id=6227","title":{"rendered":"Aviso Legal"},"content":{"rendered":"\t\t<div data-elementor-type=\"wp-page\" data-elementor-id=\"6227\" class=\"elementor elementor-6227\">\n\t\t\t\t<div class=\"elementor-element elementor-element-3c58ef3e e-flex e-con-boxed e-con e-parent\" data-id=\"3c58ef3e\" data-element_type=\"container\">\n\t\t\t\t\t<div class=\"e-con-inner\">\n\t\t\t\t<div class=\"elementor-element elementor-element-573b4867 elementor-widget elementor-widget-text-editor\" data-id=\"573b4867\" data-element_type=\"widget\" data-widget_type=\"text-editor.default\">\n\t\t\t\t<div class=\"elementor-widget-container\">\n\t\t\t\t\t\t\t\t\t<h1 class=\"\" data-start=\"265\" data-end=\"278\">Aviso Legal<\/h1><p>\u00a0<\/p><h6 data-start=\"280\" data-end=\"328\"><strong data-start=\"280\" data-end=\"328\">\u00daltima actualizaci\u00f3n: 12 de Octubre 2022<br \/><\/strong><\/h6><p>\u00a0<\/p><p class=\"\" data-start=\"330\" data-end=\"491\">Este Aviso Legal regula el acceso, navegaci\u00f3n y uso del sitio web <strong data-start=\"396\" data-end=\"428\"><a class=\"\" href=\"https:\/\/tprinvestment.online\" target=\"_new\" rel=\"noopener\" data-start=\"398\" data-end=\"426\">https:\/\/tprinvestment.online<\/a><\/strong> (en adelante, \u201cel Sitio Web\u201d), operado por <strong data-start=\"472\" data-end=\"490\">TPR Investment<\/strong>.<\/p><p data-start=\"330\" data-end=\"491\">\u00a0<\/p><h2 class=\"\" data-start=\"493\" data-end=\"535\">1. Identificaci\u00f3n del titular del sitio<\/h2><p class=\"\" data-start=\"537\" data-end=\"739\"><strong data-start=\"537\" data-end=\"549\">Titular:<\/strong> TPR Investment<br data-start=\"564\" data-end=\"567\" \/><strong data-start=\"567\" data-end=\"602\">Correo electr\u00f3nico de contacto:<\/strong> <a class=\"cursor-pointer\" rel=\"noopener\" data-start=\"603\" data-end=\"631\">soporte@tprinvestment.online<\/a><br data-start=\"631\" data-end=\"634\" \/><strong data-start=\"634\" data-end=\"648\">Sitio web:<\/strong> <a class=\"\" href=\"https:\/\/tprinvestment.online\" target=\"_new\" rel=\"noopener\" data-start=\"649\" data-end=\"677\">https:\/\/tprinvestment.online<\/a><br data-start=\"677\" data-end=\"680\" \/><strong data-start=\"680\" data-end=\"694\">Actividad:<\/strong> Servicios de inversi\u00f3n y asesor\u00eda financiera<\/p><p class=\"\" data-start=\"741\" data-end=\"994\">TPR Investment no se encuentra registrada como entidad financiera regulada por ninguna autoridad espec\u00edfica de valores o supervisi\u00f3n financiera. El uso del sitio y sus servicios implica que el usuario acepta esta condici\u00f3n y act\u00faa bajo su propio juicio.<\/p><p data-start=\"741\" data-end=\"994\">\u00a0<\/p><h2 class=\"\" data-start=\"996\" data-end=\"1008\">2. Objeto<\/h2><p class=\"\" data-start=\"1010\" data-end=\"1228\">El presente Aviso Legal regula las condiciones de uso del Sitio Web, as\u00ed como las responsabilidades derivadas de su utilizaci\u00f3n. Todo usuario que acceda al sitio se compromete a observar y respetar estas disposiciones.<\/p><p data-start=\"1010\" data-end=\"1228\">\u00a0<\/p><h2 class=\"\" data-start=\"1230\" data-end=\"1270\">3. Propiedad intelectual e industrial<\/h2><p class=\"\" data-start=\"1272\" data-end=\"1568\">Todos los contenidos del Sitio Web, incluyendo textos, im\u00e1genes, logotipos, gr\u00e1ficos, dise\u00f1os, software y c\u00f3digo fuente, son propiedad de TPR Investment o cuentan con licencia de uso. Queda estrictamente prohibida su reproducci\u00f3n, distribuci\u00f3n o modificaci\u00f3n sin autorizaci\u00f3n expresa del titular.<\/p><p data-start=\"1272\" data-end=\"1568\">\u00a0<\/p><h2 class=\"\" data-start=\"1570\" data-end=\"1591\">4. Responsabilidad<\/h2><p class=\"\" data-start=\"1593\" data-end=\"1635\">TPR Investment no se hace responsable por:<\/p><ul data-start=\"1637\" data-end=\"1844\"><li class=\"\" data-start=\"1637\" data-end=\"1678\"><p class=\"\" data-start=\"1639\" data-end=\"1678\">Errores u omisiones en los contenidos<\/p><\/li><li class=\"\" data-start=\"1679\" data-end=\"1711\"><p class=\"\" data-start=\"1681\" data-end=\"1711\">Interrupciones del sitio web<\/p><\/li><li class=\"\" data-start=\"1712\" data-end=\"1771\"><p class=\"\" data-start=\"1714\" data-end=\"1771\">Da\u00f1os derivados del uso del sitio o de enlaces externos<\/p><\/li><li class=\"\" data-start=\"1772\" data-end=\"1844\"><p class=\"\" data-start=\"1774\" data-end=\"1844\">Decisiones tomadas por los usuarios en base a la informaci\u00f3n publicada<\/p><\/li><\/ul><p class=\"\" data-start=\"1846\" data-end=\"1941\">El usuario es el \u00fanico responsable del uso que haga de los servicios e informaciones ofrecidas.<\/p><p data-start=\"1846\" data-end=\"1941\">\u00a0<\/p><h2 class=\"\" data-start=\"1943\" data-end=\"1967\">5. Enlaces a terceros<\/h2><p class=\"\" data-start=\"1969\" data-end=\"2208\">Este sitio puede contener enlaces hacia p\u00e1ginas externas. TPR Investment no controla ni es responsable por el contenido, seguridad o funcionamiento de dichos sitios, ni de los posibles da\u00f1os que puedan derivarse de su acceso o utilizaci\u00f3n.<\/p><p data-start=\"1969\" data-end=\"2208\">\u00a0<\/p><h2 class=\"\" data-start=\"2210\" data-end=\"2252\">6. Legislaci\u00f3n aplicable y jurisdicci\u00f3n<\/h2><p class=\"\" data-start=\"2254\" data-end=\"2590\">Este Aviso Legal se rige por la legislaci\u00f3n vigente del pa\u00eds desde donde opera TPR Investment. Para cualquier controversia relacionada con la interpretaci\u00f3n o aplicaci\u00f3n del mismo, ambas partes se someten a la jurisdicci\u00f3n de los tribunales competentes del lugar de domicilio del titular del sitio, salvo disposici\u00f3n legal en contrario.<\/p><p data-start=\"2254\" data-end=\"2590\">\u00a0<\/p><h2 class=\"\" data-start=\"2592\" data-end=\"2606\">7. Contacto<\/h2><p class=\"\" data-start=\"2608\" data-end=\"2696\">Si tienes alguna duda o consulta relacionada con este Aviso Legal, puedes escribirnos a:<\/p><p class=\"\" data-start=\"2698\" data-end=\"2750\"><strong data-start=\"2698\" data-end=\"2721\">Correo electr\u00f3nico:<\/strong> <a class=\"cursor-pointer\" rel=\"noopener\" data-start=\"2722\" data-end=\"2750\">info@tprinvestment.online<\/a><\/p>\t\t\t\t\t\t\t\t<\/div>\n\t\t\t\t<\/div>\n\t\t\t\t\t<\/div>\n\t\t\t\t<\/div>\n\t\t\t\t<\/div>\n\t\t","protected":false},"excerpt":{"rendered":"<p>Aviso Legal \u00a0 \u00daltima actualizaci\u00f3n: 12 de Octubre 2022 \u00a0 Este Aviso Legal regula el acceso, navegaci\u00f3n y uso del sitio web https:\/\/tprinvestment.online (en adelante, \u201cel Sitio Web\u201d), operado por TPR Investment. \u00a0 1. Identificaci\u00f3n del titular del sitio Titular: TPR InvestmentCorreo electr\u00f3nico de contacto: soporte@tprinvestment.onlineSitio web: https:\/\/tprinvestment.onlineActividad: Servicios de inversi\u00f3n y asesor\u00eda financiera TPR [&hellip;]<\/p>\n","protected":false},"author":1,"featured_media":0,"parent":0,"menu_order":0,"comment_status":"closed","ping_status":"open","template":"elementor_header_footer","meta":{"footnotes":""},"class_list":["post-6227","page","type-page","status-publish","hentry"],"_links":{"self":[{"href":"https:\/\/tprinvestment.online\/index.php?rest_route=\/wp\/v2\/pages\/6227","targetHints":{"allow":["GET"]}}],"collection":[{"href":"https:\/\/tprinvestment.online\/index.php?rest_route=\/wp\/v2\/pages"}],"about":[{"href":"https:\/\/tprinvestment.online\/index.php?rest_route=\/wp\/v2\/types\/page"}],"author":[{"embeddable":true,"href":"https:\/\/tprinvestment.online\/index.php?rest_route=\/wp\/v2\/users\/1"}],"replies":[{"embeddable":true,"href":"https:\/\/tprinvestment.online\/index.php?rest_route=%2Fwp%2Fv2%2Fcomments&post=6227"}],"version-history":[{"count":7,"href":"https:\/\/tprinvestment.online\/index.php?rest_route=\/wp\/v2\/pages\/6227\/revisions"}],"predecessor-version":[{"id":6235,"href":"https:\/\/tprinvestment.online\/index.php?rest_route=\/wp\/v2\/pages\/6227\/revisions\/6235"}],"wp:attachment":[{"href":"https:\/\/tprinvestment.online\/index.php?rest_route=%2Fwp%2Fv2%2Fmedia&parent=6227"}],"curies":[{"name":"wp","href":"https:\/\/api.w.org\/{rel}","templated":true}]}}