{"id":3175,"date":"2024-02-28T11:08:23","date_gmt":"2024-02-28T11:08:23","guid":{"rendered":"https:\/\/wp1.themevibrant.com\/newwp\/fxvibe\/?page_id=3175"},"modified":"2025-04-29T16:05:43","modified_gmt":"2025-04-29T16:05:43","slug":"history","status":"publish","type":"page","link":"https:\/\/tprinvestment.online\/?page_id=3175","title":{"rendered":"Nuestra Historia"},"content":{"rendered":"\t\t<div data-elementor-type=\"wp-page\" data-elementor-id=\"3175\" class=\"elementor elementor-3175\">\n\t\t\t\t<div class=\"elementor-element elementor-element-29ec0f4 e-con-full e-flex e-con e-parent\" data-id=\"29ec0f4\" data-element_type=\"container\">\n\t\t\t\t<div class=\"elementor-element elementor-element-27133c2 elementor-widget elementor-widget-fxvibe_history\" data-id=\"27133c2\" data-element_type=\"widget\" data-settings=\"{&quot;fxvibe_layout_margin&quot;:{&quot;unit&quot;:&quot;px&quot;,&quot;top&quot;:&quot;&quot;,&quot;right&quot;:&quot;&quot;,&quot;bottom&quot;:&quot;&quot;,&quot;left&quot;:&quot;&quot;,&quot;isLinked&quot;:true},&quot;fxvibe_layout_margin_tablet&quot;:{&quot;unit&quot;:&quot;px&quot;,&quot;top&quot;:&quot;&quot;,&quot;right&quot;:&quot;&quot;,&quot;bottom&quot;:&quot;&quot;,&quot;left&quot;:&quot;&quot;,&quot;isLinked&quot;:true},&quot;fxvibe_layout_margin_mobile&quot;:{&quot;unit&quot;:&quot;px&quot;,&quot;top&quot;:&quot;&quot;,&quot;right&quot;:&quot;&quot;,&quot;bottom&quot;:&quot;&quot;,&quot;left&quot;:&quot;&quot;,&quot;isLinked&quot;:true},&quot;fxvibe_layout_padding&quot;:{&quot;unit&quot;:&quot;px&quot;,&quot;top&quot;:&quot;&quot;,&quot;right&quot;:&quot;&quot;,&quot;bottom&quot;:&quot;&quot;,&quot;left&quot;:&quot;&quot;,&quot;isLinked&quot;:true},&quot;fxvibe_layout_padding_tablet&quot;:{&quot;unit&quot;:&quot;px&quot;,&quot;top&quot;:&quot;&quot;,&quot;right&quot;:&quot;&quot;,&quot;bottom&quot;:&quot;&quot;,&quot;left&quot;:&quot;&quot;,&quot;isLinked&quot;:true},&quot;fxvibe_layout_padding_mobile&quot;:{&quot;unit&quot;:&quot;px&quot;,&quot;top&quot;:&quot;&quot;,&quot;right&quot;:&quot;&quot;,&quot;bottom&quot;:&quot;&quot;,&quot;left&quot;:&quot;&quot;,&quot;isLinked&quot;:true}}\" data-widget_type=\"fxvibe_history.default\">\n\t\t\t\t<div class=\"elementor-widget-container\">\n\t\t\t\t\t        \n    <!-- history-section -->\n    <section class=\"history-section\">\n        <div class=\"auto-container\">\n            <div class=\"inner-container\">\n                                <div class=\"shape\" style=\"background-image: url(https:\/\/tprinvestment.online\/wp-content\/uploads\/2024\/02\/shape-40.png);\"><\/div>\n                                <div class=\"content-box\">\n                                                            \n                    <div class=\"inner-box\">\n                        <div class=\"image-box\">\n                            <figure class=\"image\"><img decoding=\"async\" src=\"https:\/\/tprinvestment.online\/wp-content\/uploads\/2024\/02\/history-1.png\" alt=\"Awesome Image\"><\/figure>                            <span class=\"date\">Sep 9<\/span>\n                        <\/div>\n                        <h2>2023<\/h2>\n                        <div class=\"text-box\">\n                            <h3 class=\"te-title\">50 Millones de Traders Alcanzados<\/h3>\n                            <p class=\"te-text\">Superamos los 50 millones de cuentas activas a nivel global, consolid\u00e1ndonos como una de las plataformas m\u00e1s confiables del mercado.<\/p>\n                        <\/div>\n                    <\/div>\n                    \n                                                            \n                    <div class=\"inner-box\">\n                        <div class=\"text-box text-right\">\n                            <h3 class=\"te-title\">Premio Global Forex Award<\/h3>\n                            <p class=\"te-text\">Reconocidos por nuestra innovaci\u00f3n y desempe\u00f1o sobresaliente en la industria del trading.<\/p>\n                        <\/div>\n                        <h2>2020<\/h2>\n                        <div class=\"image-box\">\n                            <figure class=\"image\"><img decoding=\"async\" src=\"https:\/\/tprinvestment.online\/wp-content\/uploads\/2024\/02\/history-2.png\" alt=\"Awesome Image\"><\/figure>                            <span class=\"date\">Jun 15<\/span>\n                        <\/div>\n                    <\/div>\n                    \n                                                            \n                    <div class=\"inner-box\">\n                        <div class=\"image-box\">\n                            <figure class=\"image\"><img decoding=\"async\" src=\"https:\/\/tprinvestment.online\/wp-content\/uploads\/2024\/02\/history-3.png\" alt=\"Awesome Image\"><\/figure>                            <span class=\"date\">Abr 26<\/span>\n                        <\/div>\n                        <h2>2018<\/h2>\n                        <div class=\"text-box\">\n                            <h3 class=\"te-title\">Mejor Servicio al Cliente<\/h3>\n                            <p class=\"te-text\">Premio otorgado por brindar atenci\u00f3n continua, personalizada y con tiempos de respuesta l\u00edderes en el sector.<\/p>\n                        <\/div>\n                    <\/div>\n                    \n                                                            \n                    <div class=\"inner-box\">\n                        <div class=\"text-box text-right\">\n                            <h3 class=\"te-title\">Expansi\u00f3n Internacional<\/h3>\n                            <p class=\"te-text\">Lanzamos operaciones en nuevos mercados, llevando nuestras soluciones de inversi\u00f3n a Am\u00e9rica Latina, Europa y Asia.<\/p>\n                        <\/div>\n                        <h2>2015<\/h2>\n                        <div class=\"image-box\">\n                            <figure class=\"image\"><img decoding=\"async\" src=\"https:\/\/tprinvestment.online\/wp-content\/uploads\/2024\/02\/history-4.png\" alt=\"Awesome Image\"><\/figure>                            <span class=\"date\">Dic 10<\/span>\n                        <\/div>\n                    <\/div>\n                    \n                                                            \n                    <div class=\"inner-box\">\n                        <div class=\"image-box\">\n                            <figure class=\"image\"><img decoding=\"async\" src=\"https:\/\/tprinvestment.online\/wp-content\/uploads\/2024\/02\/history-5.png\" alt=\"Awesome Image\"><\/figure>                            <span class=\"date\">Sep 9<\/span>\n                        <\/div>\n                        <h2>2012<\/h2>\n                        <div class=\"text-box\">\n                            <h3 class=\"te-title\">Transformando Tradiciones<\/h3>\n                            <p class=\"te-text\">Introducimos nuevas metodolog\u00edas de gesti\u00f3n de cuentas fondeadas, revolucionando el modelo de trading minorista.<\/p>\n                        <\/div>\n                    <\/div>\n                    \n                                                            \n                    <div class=\"inner-box\">\n                        <div class=\"text-box text-right\">\n                            <h3 class=\"te-title\">\u00c9xito Revelado<\/h3>\n                            <p class=\"te-text\">Nace TPR Investment, con la visi\u00f3n de democratizar el acceso al mercado financiero global.<\/p>\n                        <\/div>\n                        <h2>2010<\/h2>\n                        <div class=\"image-box\">\n                            <figure class=\"image\"><img decoding=\"async\" src=\"https:\/\/tprinvestment.online\/wp-content\/uploads\/2024\/02\/history-6.png\" alt=\"Awesome Image\"><\/figure>                            <span class=\"date\">Ene 15<\/span>\n                        <\/div>\n                    <\/div>\n                    \n                                    <\/div>\n            <\/div>\n        <\/div>\n    <\/section>\n    <!-- history-section end -->\n      \n    \t\t\t\t<\/div>\n\t\t\t\t<\/div>\n\t\t\t\t<\/div>\n\t\t\t\t<\/div>\n\t\t","protected":false},"excerpt":{"rendered":"<p>Sep 9 2023 50 Millones de Traders Alcanzados Superamos los 50 millones de cuentas activas a nivel global, consolid\u00e1ndonos como una de las plataformas m\u00e1s confiables del mercado. Premio Global Forex Award Reconocidos por nuestra innovaci\u00f3n y desempe\u00f1o sobresaliente en la industria del trading. 2020 Jun 15 Abr 26 2018 Mejor Servicio al Cliente Premio [&hellip;]<\/p>\n","protected":false},"author":1,"featured_media":0,"parent":0,"menu_order":0,"comment_status":"closed","ping_status":"closed","template":"tpl-default-elementor.php","meta":{"footnotes":""},"class_list":["post-3175","page","type-page","status-publish","hentry"],"_links":{"self":[{"href":"https:\/\/tprinvestment.online\/index.php?rest_route=\/wp\/v2\/pages\/3175","targetHints":{"allow":["GET"]}}],"collection":[{"href":"https:\/\/tprinvestment.online\/index.php?rest_route=\/wp\/v2\/pages"}],"about":[{"href":"https:\/\/tprinvestment.online\/index.php?rest_route=\/wp\/v2\/types\/page"}],"author":[{"embeddable":true,"href":"https:\/\/tprinvestment.online\/index.php?rest_route=\/wp\/v2\/users\/1"}],"replies":[{"embeddable":true,"href":"https:\/\/tprinvestment.online\/index.php?rest_route=%2Fwp%2Fv2%2Fcomments&post=3175"}],"version-history":[{"count":11,"href":"https:\/\/tprinvestment.online\/index.php?rest_route=\/wp\/v2\/pages\/3175\/revisions"}],"predecessor-version":[{"id":5887,"href":"https:\/\/tprinvestment.online\/index.php?rest_route=\/wp\/v2\/pages\/3175\/revisions\/5887"}],"wp:attachment":[{"href":"https:\/\/tprinvestment.online\/index.php?rest_route=%2Fwp%2Fv2%2Fmedia&parent=3175"}],"curies":[{"name":"wp","href":"https:\/\/api.w.org\/{rel}","templated":true}]}}